 90, 210 = 5*v + 2*u. Calculate the remainder when 79 is divided by v.
39
Suppose 0 = 3*w + j - 37, w + 2*j + 9 = 7*j. Let q = 133 - 4. Let s = q - 87. Calculate the remainder when s is divided by w.
9
Let f(k) = k - 3. Let l be f(5). Let z be l + (4 + -2)/(-2). Suppose 5*a + 5*h = 15 + 10, -a = -2*h + z. Calculate the remainder when 3 is divided by a.
0
Suppose -6*u = -0*u - 42. What is the remainder when 39 is divided by u?
4
Suppose 3*d - 10 = -2*d. Calculate the remainder when 4 is divided by ((-5)/2 + d)*-4.
0
Suppose 2*k = -5*h + 43, -3*k + 51 = -2*h - 4. Suppose 5*t - 2*t = 0. Suppose t = -5*b - 0 + 55. What is the remainder when k is divided by b?
8
Let a(q) = q**3 - 4*q**2 + 11*q - 22. Calculate the remainder when a(4) is divided by 9.
4
Let k = 6 - 1. Calculate the remainder when k is divided by 4.
1
Suppose -n - 53 = -139. Calculate the remainder when n is divided by 22.
20
Suppose 59 = 4*w - 13. Calculate the remainder when 120 is divided by w.
12
Let w be 1468/36 - 2/(-9). Let h = 9 + -4. Suppose 5*r = -4*g + 116, h*r - w = -5*g + 99. What is the remainder when g is divided by 13?
11
Suppose -3*p + 6*p - 9 = 0. Suppose -5*o = 5*g - 40, -p*o = -2*g - 5 - 4. Suppose -h - 36 = -o*h. What is the remainder when h is divided by 5?
4
Let x(q) = -q**3 - 22*q**2 - 4*q - 17. What is the remainder when x(-22) is divided by 25?
21
Suppose -4*s - 13 = -a - 80, -3*s + 79 = 5*a. What is the remainder when ((-135)/225)/((-2)/230) is divided by s?
15
Let r = 135 + -111. Calculate the remainder when 68 is divided by r.
20
Suppose 3*n + 90 = 6*n. Suppose -n = -3*j - 2*j. What is the remainder when 11 is divided by j?
5
Let r = 9 - 0. Let g be 8/(-12) - 24/(-9). Suppose 0 = g*h + h - r. Calculate the remainder when h is divided by 1.
0
Let k = -15 + 25. Let j(z) = 2*z + 9. Let w be j(9). Let l = 45 - w. Calculate the remainder when l is divided by k.
8
Suppose -4*u - 21 + 93 = 0. Calculate the remainder when 51 is divided by u.
15
Calculate the remainder when 27 is divided by 2*((-15)/(-10) - -2).
6
Let b = -12 + 21. Suppose 4*u = b*u - 20. What is the remainder when 15 is divided by u?
3
Let j be ((-11)/(-2))/(2/4). Let l = j + -5. Calculate the remainder when 10 is divided by l.
4
Let o(g) = 8*g - 9. Let s be o(9). Let u = s + -25. What is the remainder when u is divided by 13?
12
Let f(o) = -11 - 1 - o**2 + 14 - 7*o. What is the remainder when f(-7) is divided by 2?
0
Let w = 27 - 15. Let a = w + -10. What is the remainder when (3/(-9))/((-1)/15) is divided by a?
1
Let t(q) = q**3 - 2*q**2 - 11*q - 12. What is the remainder when 460 is divided by t(6)?
64
Suppose 152 = -0*g + 5*g + 3*m, -2*m + 120 = 4*g. Let q = g + 51. What is the remainder when q is divided by 20?
19
Let o(y) = -y**3 + 6*y**2 + 6*y + 5. Suppose -4*a = 2*n + 2, -4*n - n + 27 = 2*a. Let k be o(n). Calculate the remainder when 32 is divided by 35/2 - (-1)/k.
15
Let j(h) = h - 1. Let s(x) = -5*x - 3. Let q be s(-2). Calculate the remainder when 15 is divided by j(q).
3
Suppose -2 = 4*z - 2*z. Calculate the remainder when 14 is divided by (-1)/(z*3/12).
2
Let s(n) = -2*n. What is the remainder when 23 is divided by s(-3)?
5
Suppose -b + 44 = 11. Calculate the remainder when b is divided by 9.
6
Calculate the remainder when 413 is divided by (-11)/(-66) + 622/12.
49
Suppose -v + 48 = -0*m + 4*m, -45 = -5*m - 5*v. Let b = 6 + -1. Calculate the remainder when m is divided by b.
3
Let a(q) = 2*q**2 + 3*q - 2. Calculate the remainder when 47 is divided by a(2).
11
Let f = 171 + -91. Suppose -f + 9 = -d. What is the remainder when d is divided by 24?
23
Let h(r) be the first derivative of 2*r**2 + 7*r - 2. Calculate the remainder when h(7) is divided by ((-1)/2)/((-2)/72).
17
Suppose -4*s = -4*z - 4, -z - s - s + 11 = 0. Let a be (-21)/(-3) - z*1. Suppose -k - 1 = 0, 3*o - k - 39 = -a*k. What is the remainder when 55 is divided by o?
13
Let m = -3 - -5. What is the remainder when (20/3)/(m/9) is divided by 8?
6
Suppose -4*i + 0*i + 30 = 2*a, -67 = -3*a + 5*i. Calculate the remainder when 55 is divided by a.
17
Let q = 1 + 0. What is the remainder when 28 is divided by 6 + 2/q - -2?
8
Suppose -p = 2, 0*g - 2*p + 24 = g. Let j(d) = -2*d. Let q(r) = -r**2 + 4*r + 7. Let a be q(6). Calculate the remainder when g is divided by j(a).
8
Suppose 2*d - 80 = -2*d. Calculate the remainder when 38 is divided by d.
18
Let g(h) be the second derivative of -7*h**3/2 + h**2/2 + h. Suppose -23 = -3*t + 22. What is the remainder when g(-2) is divided by t?
13
Suppose 11 = -5*f - 9, -4*y + 2*f + 40 = 0. What is the remainder when y is divided by 6?
2
Suppose -2*c = -5 - 1. Suppose c*g - w - 52 = 0, -g + 3*g - 52 = 5*w. What is the remainder when g is divided by 6?
4
Suppose -33 + 59 = t. What is the remainder when 68 is divided by t?
16
Let z be -2*4*(-30)/4. Let g be (z/2)/(4/6). Suppose 5*j + 2*w + 3*w = g, 0 = -5*w. What is the remainder when 26 is divided by j?
8
Suppose -3*p + 4*x = -73, -8 = -3*x + 5*x. Suppose -g + 0 = -5. Calculate the remainder when p is divided by g.
4
Let s = 48 - 42. Let r = -30 - -46. What is the remainder when r is divided by s?
4
Suppose -4*z + 5*z = 4. Suppose -o + 3*o - 22 = 0. Calculate the remainder when o is divided by z.
3
Let u(p) = -p**2 - 4*p - 3. Let q be u(6). Let l = -34 - q. What is the remainder when l is divided by 10?
9
Let z(u) = 20*u**2 - 2*u + 1. Suppose 3*w + 4 = 2*w, -5*x - 5*w = 15. What is the remainder when 36 is divided by z(x)?
17
Let o = 205 + -145. What is the remainder when o is divided by 9?
6
Let w = 61 - 34. Calculate the remainder when 53 is divided by w.
26
Let x(c) = c**3 + 6. Let y be x(0). Suppose 5*t = -y + 36. Calculate the remainder when 15 is divided by t.
3
Suppose -3*n + 7*n + 40 = -4*r, n = r - 2. Calculate the remainder when (n/(-9))/((-1)/(-36)) is divided by 13.
11
Let g = -1 - -7. Let i(f) = -f**2 + 9*f - 9. What is the remainder when 33 is divided by i(g)?
6
Let s be 1*15/3 - 3. Suppose 4*f + 5*u + 16 = 2*f, 16 = s*f - 3*u. What is the remainder when f is divided by 1?
0
Suppose -5*u + 108 = -2*u. Suppose 3*i = 3*b - 36 - u, -5*i = b. What is the remainder when b is divided by 7?
6
Let n = 36 + -29. Let o = -1 - -12. Calculate the remainder when o is divided by n.
4
Suppose -s = 6*y - y - 12, 4*s = -4*y + 32. Suppose -5*z = 5*u - 0*z - 35, -3*z = u - s. Calculate the remainder when (-385)/(-21) - (-2)/3 is divided by u.
5
Let h(i) = -10*i + 37. What is the remainder when h(-5) is divided by 11?
10
Let n = 38 + 13. Calculate the remainder when n is divided by 18.
15
Suppose 0*o + 10 = 5*o. Let c = -9 - -11. Calculate the remainder when c is divided by o.
0
Let n(v) = -5*v - 10. Let z be n(-11). What is the remainder when 62 is divided by 939/45 - (-6)/z?
20
What is the remainder when 30/(13/(-4) + (0 - -4)) is divided by 14?
12
Let h = -2 + 1. Suppose -5*y + 73 + 132 = 3*i, 0 = -5*y - 5*i + 205. What is the remainder when y is divided by -1 + (-2 - h)*-15?
13
Suppose 0 = 5*u - h, -3*h = 2*u - 0*u. What is the remainder when 2 + (4 - u) + 40 is divided by 16?
14
Let f = -143 + 220. Calculate the remainder when f is divided by 41.
36
What is the remainder when 21 is divided by -4 - -10 - (-2)/1?
5
Suppose -2 - 37 = -3*p. What is the remainder when p is divided by 5?
3
Suppose -5*k = -18 - 2. What is the remainder when 9 is divided by k?
1
Let b(y) = y**3 + 15*y**2 + 13*y - 1. Calculate the remainder when b(-14) is divided by 5.
3
Let c(w) = w + 15. Let l(f) = -f**3 - 14*f**2 - 4*f - 14. Calculate the remainder when l(-14) is divided by c(-6).
6
Suppose -2*g + 0*g + 20 = -2*w, -34 = -4*g + 2*w. Let y = -4 + 0. Let z = g - y. Calculate the remainder when 21 is divided by z.
10
Let o = -6 + -2. Let g = -6 - o. Suppose 2*z = c + z - 53, 5*z = g*c - 91. Calculate the remainder when c is divided by 20.
18
Suppose 5*j - 116 = -2*m, -4*m + 114 + 118 = -5*j. Let l be m/8 - 4/16. Calculate the remainder when 2/l + 330/21 is divided by 9.
7
Suppose 5*l = -5*h - 50, -2*h - l - 22 = h. Calculate the remainder when 18 is divided by ((-42)/15)/(h/15).
4
Let h = -17 + 46. Calculate the remainder when h is divided by 6.
5
Let l(m) = -m**3 + 3*m**2 - 3. Let v = 2 - 0. Calculate the remainder when v is divided by l(2).
0
Let i = -52 + 149. Calcu